{"id":343,"date":"2021-08-28T11:43:27","date_gmt":"2021-08-28T11:43:27","guid":{"rendered":"https:\/\/runadonner.com\/?page_id=343"},"modified":"2021-09-03T03:17:44","modified_gmt":"2021-09-03T03:17:44","slug":"startseite","status":"publish","type":"page","link":"https:\/\/runadonner.com\/","title":{"rendered":"Startseite"},"content":{"rendered":"\n<div id=\"wp-custom-header\" class=\"wp-custom-header\">\n   <img fetchpriority=\"high\" decoding=\"async\" src=\"https:\/\/runadonner.com\/wp-content\/uploads\/2021\/08\/cropped-header3-1.png\" width=\"1920\" height=\"600\" alt=\"Runa Donner\" srcset=\"https:\/\/runadonner.com\/wp-content\/uploads\/2021\/08\/cropped-header3-1.png 1920w, \n      https:\/\/runadonner.com\/wp-content\/uploads\/2021\/08\/cropped-header3-1-300x94.png 300w, \n      https:\/\/runadonner.com\/wp-content\/uploads\/2021\/08\/cropped-header3-1-1024x320.png 1024w, \n      https:\/\/runadonner.com\/wp-content\/uploads\/2021\/08\/cropped-header3-1-768x240.png 768w,\n      https:\/\/runadonner.com\/wp-content\/uploads\/2021\/08\/cropped-header3-1-1536x480.png 1536w\" sizes=\"(max-width: 1920px) 100vw, 1920px\">\n<\/div>\n\n\n\n<p class=\"has-larger-font-size\">Willkommen auf meiner neuen Internetpr\u00e4senz. <\/p>\n\n\n\n<p class=\"has-regular-font-size\">Derzeit wird an dieser Website gearbeitet!<br><br>F\u00fcr weitere Fragen k\u00f6nnen Sie mich jederzeit hier <a href=\"https:\/\/runadonner.com\/?page_id=63\">kontaktieren<\/a>.<\/p>\n","protected":false},"excerpt":{"rendered":"<p>Willkommen auf meiner neuen Internetpr\u00e4senz. Derzeit wird an dieser Website gearbeitet! F\u00fcr weitere Fragen k\u00f6nnen Sie mich jederzeit hier kontaktieren.<\/p>\n","protected":false},"author":1,"featured_media":0,"parent":0,"menu_order":0,"comment_status":"closed","ping_status":"closed","template":"","meta":{"footnotes":""},"class_list":["post-343","page","type-page","status-publish","hentry"],"yoast_head":"<!-- This site is optimized with the Yoast SEO plugin v24.9 - https:\/\/yoast.com\/wordpress\/plugins\/seo\/ -->\n<title>Startseite - Runa Donner<\/title>\n<meta name=\"description\" content=\"Ein neuer Wind aus alten Wurzeln. Diesen bringt uns Runa Donner mit ihrer Affinit\u00e4t \u00fcberlieferten Traditionen gegen\u00fcber. Ob Pflanzenwissen, Pilzkunde oder fast vergessene Rituale, Runa bringt uns diese in einem modernen Kontext in unser Heim.Kommen Sie mit auf eine spannende Reise zu altem Wissen und Traditionen mit Runa Donner.\" \/>\n<meta name=\"robots\" content=\"index, follow, max-snippet:-1, max-image-preview:large, max-video-preview:-1\" \/>\n<link rel=\"canonical\" href=\"https:\/\/runadonner.com\/\" \/>\n<meta property=\"og:locale\" content=\"de_DE\" \/>\n<meta property=\"og:type\" content=\"article\" \/>\n<meta property=\"og:title\" content=\"Startseite - Runa Donner\" \/>\n<meta property=\"og:description\" content=\"Ein neuer Wind aus alten Wurzeln. Diesen bringt uns Runa Donner mit ihrer Affinit\u00e4t \u00fcberlieferten Traditionen gegen\u00fcber. Ob Pflanzenwissen, Pilzkunde oder fast vergessene Rituale, Runa bringt uns diese in einem modernen Kontext in unser Heim.Kommen Sie mit auf eine spannende Reise zu altem Wissen und Traditionen mit Runa Donner.\" \/>\n<meta property=\"og:url\" content=\"https:\/\/runadonner.com\/\" \/>\n<meta property=\"og:site_name\" content=\"Runa Donner\" \/>\n<meta property=\"article:modified_time\" content=\"2021-09-03T03:17:44+00:00\" \/>\n<meta property=\"og:image\" content=\"https:\/\/runadonner.com\/wp-content\/uploads\/2021\/08\/cropped-header3-1.png\" \/>\n<meta name=\"twitter:card\" content=\"summary_large_image\" \/>\n<meta name=\"twitter:label1\" content=\"Gesch\u00e4tzte Lesezeit\" \/>\n\t<meta name=\"twitter:data1\" content=\"1 Minute\" \/>\n<script type=\"application\/ld+json\" class=\"yoast-schema-graph\">{\"@context\":\"https:\/\/schema.org\",\"@graph\":[{\"@type\":\"WebPage\",\"@id\":\"https:\/\/runadonner.com\/\",\"url\":\"https:\/\/runadonner.com\/\",\"name\":\"Startseite - Runa Donner\",\"isPartOf\":{\"@id\":\"https:\/\/runadonner.com\/#website\"},\"primaryImageOfPage\":{\"@id\":\"https:\/\/runadonner.com\/#primaryimage\"},\"image\":{\"@id\":\"https:\/\/runadonner.com\/#primaryimage\"},\"thumbnailUrl\":\"https:\/\/runadonner.com\/wp-content\/uploads\/2021\/08\/cropped-header3-1.png\",\"datePublished\":\"2021-08-28T11:43:27+00:00\",\"dateModified\":\"2021-09-03T03:17:44+00:00\",\"description\":\"Ein neuer Wind aus alten Wurzeln. Diesen bringt uns Runa Donner mit ihrer Affinit\u00e4t \u00fcberlieferten Traditionen gegen\u00fcber. Ob Pflanzenwissen, Pilzkunde oder fast vergessene Rituale, Runa bringt uns diese in einem modernen Kontext in unser Heim.Kommen Sie mit auf eine spannende Reise zu altem Wissen und Traditionen mit Runa Donner.\",\"breadcrumb\":{\"@id\":\"https:\/\/runadonner.com\/#breadcrumb\"},\"inLanguage\":\"de-AT\",\"potentialAction\":[{\"@type\":\"ReadAction\",\"target\":[\"https:\/\/runadonner.com\/\"]}]},{\"@type\":\"ImageObject\",\"inLanguage\":\"de-AT\",\"@id\":\"https:\/\/runadonner.com\/#primaryimage\",\"url\":\"https:\/\/runadonner.com\/wp-content\/uploads\/2021\/08\/cropped-header3-1.png\",\"contentUrl\":\"https:\/\/runadonner.com\/wp-content\/uploads\/2021\/08\/cropped-header3-1.png\"},{\"@type\":\"BreadcrumbList\",\"@id\":\"https:\/\/runadonner.com\/#breadcrumb\",\"itemListElement\":[{\"@type\":\"ListItem\",\"position\":1,\"name\":\"Home\",\"item\":\"https:\/\/runadonner.com\/\"},{\"@type\":\"ListItem\",\"position\":2,\"name\":\"Startseite\"}]},{\"@type\":\"WebSite\",\"@id\":\"https:\/\/runadonner.com\/#website\",\"url\":\"https:\/\/runadonner.com\/\",\"name\":\"Runa Donner\",\"description\":\"Germanische Traditionen, Zeremonien, Rituale\",\"publisher\":{\"@id\":\"https:\/\/runadonner.com\/#\/schema\/person\/69c40a00c54071f0feaa56d636e663b1\"},\"potentialAction\":[{\"@type\":\"SearchAction\",\"target\":{\"@type\":\"EntryPoint\",\"urlTemplate\":\"https:\/\/runadonner.com\/?s={search_term_string}\"},\"query-input\":{\"@type\":\"PropertyValueSpecification\",\"valueRequired\":true,\"valueName\":\"search_term_string\"}}],\"inLanguage\":\"de-AT\"},{\"@type\":[\"Person\",\"Organization\"],\"@id\":\"https:\/\/runadonner.com\/#\/schema\/person\/69c40a00c54071f0feaa56d636e663b1\",\"name\":\"admin\",\"image\":{\"@type\":\"ImageObject\",\"inLanguage\":\"de-AT\",\"@id\":\"https:\/\/runadonner.com\/#\/schema\/person\/image\/\",\"url\":\"https:\/\/secure.gravatar.com\/avatar\/169cd208c9ec291e701fbc80ba5ef8ccb8749fef69f3cedf056e902a6c0cec8a?s=96&d=mm&r=g\",\"contentUrl\":\"https:\/\/secure.gravatar.com\/avatar\/169cd208c9ec291e701fbc80ba5ef8ccb8749fef69f3cedf056e902a6c0cec8a?s=96&d=mm&r=g\",\"caption\":\"admin\"},\"logo\":{\"@id\":\"https:\/\/runadonner.com\/#\/schema\/person\/image\/\"},\"sameAs\":[\"https:\/\/h190771.web221.dogado.net\"]}]}<\/script>\n<!-- \/ Yoast SEO plugin. -->","yoast_head_json":{"title":"Startseite - Runa Donner","description":"Ein neuer Wind aus alten Wurzeln. Diesen bringt uns Runa Donner mit ihrer Affinit\u00e4t \u00fcberlieferten Traditionen gegen\u00fcber. Ob Pflanzenwissen, Pilzkunde oder fast vergessene Rituale, Runa bringt uns diese in einem modernen Kontext in unser Heim.Kommen Sie mit auf eine spannende Reise zu altem Wissen und Traditionen mit Runa Donner.","robots":{"index":"index","follow":"follow","max-snippet":"max-snippet:-1","max-image-preview":"max-image-preview:large","max-video-preview":"max-video-preview:-1"},"canonical":"https:\/\/runadonner.com\/","og_locale":"de_DE","og_type":"article","og_title":"Startseite - Runa Donner","og_description":"Ein neuer Wind aus alten Wurzeln. Diesen bringt uns Runa Donner mit ihrer Affinit\u00e4t \u00fcberlieferten Traditionen gegen\u00fcber. Ob Pflanzenwissen, Pilzkunde oder fast vergessene Rituale, Runa bringt uns diese in einem modernen Kontext in unser Heim.Kommen Sie mit auf eine spannende Reise zu altem Wissen und Traditionen mit Runa Donner.","og_url":"https:\/\/runadonner.com\/","og_site_name":"Runa Donner","article_modified_time":"2021-09-03T03:17:44+00:00","og_image":[{"url":"https:\/\/runadonner.com\/wp-content\/uploads\/2021\/08\/cropped-header3-1.png","type":"","width":"","height":""}],"twitter_card":"summary_large_image","twitter_misc":{"Gesch\u00e4tzte Lesezeit":"1 Minute"},"schema":{"@context":"https:\/\/schema.org","@graph":[{"@type":"WebPage","@id":"https:\/\/runadonner.com\/","url":"https:\/\/runadonner.com\/","name":"Startseite - Runa Donner","isPartOf":{"@id":"https:\/\/runadonner.com\/#website"},"primaryImageOfPage":{"@id":"https:\/\/runadonner.com\/#primaryimage"},"image":{"@id":"https:\/\/runadonner.com\/#primaryimage"},"thumbnailUrl":"https:\/\/runadonner.com\/wp-content\/uploads\/2021\/08\/cropped-header3-1.png","datePublished":"2021-08-28T11:43:27+00:00","dateModified":"2021-09-03T03:17:44+00:00","description":"Ein neuer Wind aus alten Wurzeln. Diesen bringt uns Runa Donner mit ihrer Affinit\u00e4t \u00fcberlieferten Traditionen gegen\u00fcber. Ob Pflanzenwissen, Pilzkunde oder fast vergessene Rituale, Runa bringt uns diese in einem modernen Kontext in unser Heim.Kommen Sie mit auf eine spannende Reise zu altem Wissen und Traditionen mit Runa Donner.","breadcrumb":{"@id":"https:\/\/runadonner.com\/#breadcrumb"},"inLanguage":"de-AT","potentialAction":[{"@type":"ReadAction","target":["https:\/\/runadonner.com\/"]}]},{"@type":"ImageObject","inLanguage":"de-AT","@id":"https:\/\/runadonner.com\/#primaryimage","url":"https:\/\/runadonner.com\/wp-content\/uploads\/2021\/08\/cropped-header3-1.png","contentUrl":"https:\/\/runadonner.com\/wp-content\/uploads\/2021\/08\/cropped-header3-1.png"},{"@type":"BreadcrumbList","@id":"https:\/\/runadonner.com\/#breadcrumb","itemListElement":[{"@type":"ListItem","position":1,"name":"Home","item":"https:\/\/runadonner.com\/"},{"@type":"ListItem","position":2,"name":"Startseite"}]},{"@type":"WebSite","@id":"https:\/\/runadonner.com\/#website","url":"https:\/\/runadonner.com\/","name":"Runa Donner","description":"Germanische Traditionen, Zeremonien, Rituale","publisher":{"@id":"https:\/\/runadonner.com\/#\/schema\/person\/69c40a00c54071f0feaa56d636e663b1"},"potentialAction":[{"@type":"SearchAction","target":{"@type":"EntryPoint","urlTemplate":"https:\/\/runadonner.com\/?s={search_term_string}"},"query-input":{"@type":"PropertyValueSpecification","valueRequired":true,"valueName":"search_term_string"}}],"inLanguage":"de-AT"},{"@type":["Person","Organization"],"@id":"https:\/\/runadonner.com\/#\/schema\/person\/69c40a00c54071f0feaa56d636e663b1","name":"admin","image":{"@type":"ImageObject","inLanguage":"de-AT","@id":"https:\/\/runadonner.com\/#\/schema\/person\/image\/","url":"https:\/\/secure.gravatar.com\/avatar\/169cd208c9ec291e701fbc80ba5ef8ccb8749fef69f3cedf056e902a6c0cec8a?s=96&d=mm&r=g","contentUrl":"https:\/\/secure.gravatar.com\/avatar\/169cd208c9ec291e701fbc80ba5ef8ccb8749fef69f3cedf056e902a6c0cec8a?s=96&d=mm&r=g","caption":"admin"},"logo":{"@id":"https:\/\/runadonner.com\/#\/schema\/person\/image\/"},"sameAs":["https:\/\/h190771.web221.dogado.net"]}]}},"_links":{"self":[{"href":"https:\/\/runadonner.com\/index.php?rest_route=\/wp\/v2\/pages\/343","targetHints":{"allow":["GET"]}}],"collection":[{"href":"https:\/\/runadonner.com\/index.php?rest_route=\/wp\/v2\/pages"}],"about":[{"href":"https:\/\/runadonner.com\/index.php?rest_route=\/wp\/v2\/types\/page"}],"author":[{"embeddable":true,"href":"https:\/\/runadonner.com\/index.php?rest_route=\/wp\/v2\/users\/1"}],"replies":[{"embeddable":true,"href":"https:\/\/runadonner.com\/index.php?rest_route=%2Fwp%2Fv2%2Fcomments&post=343"}],"version-history":[{"count":20,"href":"https:\/\/runadonner.com\/index.php?rest_route=\/wp\/v2\/pages\/343\/revisions"}],"predecessor-version":[{"id":1724,"href":"https:\/\/runadonner.com\/index.php?rest_route=\/wp\/v2\/pages\/343\/revisions\/1724"}],"wp:attachment":[{"href":"https:\/\/runadonner.com\/index.php?rest_route=%2Fwp%2Fv2%2Fmedia&parent=343"}],"curies":[{"name":"wp","href":"https:\/\/api.w.org\/{rel}","templated":true}]}}