{"id":93,"date":"2021-08-27T15:51:01","date_gmt":"2021-08-27T15:51:01","guid":{"rendered":"https:\/\/h190771.web221.dogado.net\/?page_id=93"},"modified":"2021-09-05T13:27:54","modified_gmt":"2021-09-05T13:27:54","slug":"ueber-mich","status":"publish","type":"page","link":"https:\/\/runadonner.com\/?page_id=93","title":{"rendered":"\u00dcber mich"},"content":{"rendered":"\n<div><img fetchpriority=\"high\" decoding=\"async\" src=\"https:\/\/runadonner.com\/wp-content\/uploads\/2021\/09\/cropped-water.jpg\" width=\"1920\" height=\"600\" alt=\"Runa Donner\" srcset=\"https:\/\/runadonner.com\/wp-content\/uploads\/2021\/09\/cropped-water.jpg 1920w, https:\/\/runadonner.com\/wp-content\/uploads\/2021\/09\/cropped-water-300x94.jpg 300w, https:\/\/runadonner.com\/wp-content\/uploads\/2021\/09\/cropped-water-1024x320.jpg 1024w, https:\/\/runadonner.com\/wp-content\/uploads\/2021\/09\/cropped-water-768x240.jpg 768w, https:\/\/runadonner.com\/wp-content\/uploads\/2021\/09\/cropped-water-1536x480.jpg 1536w\" sizes=\"(max-width: 1920px) 100vw, 1920px\"><\/div>\n\n\n\n<p class=\"has-larger-font-size\">\u00dcber mich<br><\/p>\n\n\n\n<div id=\"container\">\n    <div id=\"floated\">  <img decoding=\"async\" src=\"http:\/\/runadonner.com\/wp-content\/uploads\/2021\/08\/donner.1.jpg\"><\/div>\n   Ein neuer Wind aus alten Wurzeln. Diesen bringt uns Runa Donner mit ihrer Affinit\u00e4t \u00fcberlieferten Traditionen gegen\u00fcber. Ob Pflanzenwissen, Pilzkunde oder fast vergessene Rituale, Runa bringt uns diese in einem modernen Kontext in unser Heim. Kommen Sie mit auf eine spannende Reise zu altem Wissen und Traditionen mit Runa Donner.<br> Mystikum-Autorin seit Dezember 2020 mit ihrer Rubrik \u201eKr\u00e4uter und Rituale\u201c. Ein neuer Wind aus alten Wurzeln. Diesen bringt uns Runa Donner mit ihrer Affinit\u00e4t \u00fcberlieferten Traditionen gegen\u00fcber. Ob Pflanzenwissen, Pilzkunde oder fast vergessene Rituale, Runa bringt uns diese in einem modernen Kontext in unser Heim.<br><br>\nKommen Sie mit auf eine spannende Reise zu altem Wissen und Traditionen mit Runa Donner. <br><br>\n\nMystikum-Autorin seit Dezember 2020 mit ihrer Rubrik \u201eKr\u00e4uter und Rituale\u201c.    \n<\/div>\n\n\n\n\n<!-- audiomack | Audiomack | http:\/\/www.audiomack.com\/wordpress\/ -->\n<div class='audiomack_player_container'>\n<iframe src='https:\/\/runadonner.com\/wp-content\/uploads\/2021\/09\/mixkit-distant-thunder-explosion.wav' scrolling='no' width='0%' height='352' scrollbars='no' frameborder='0'><\/iframe>\n<\/div> <!-- \/audiomack_player_container -->\n\n<!-- \/audiomack | Audiomack | http:\/\/www.audiomack.com\/wordpress\/ -->\n\n","protected":false},"excerpt":{"rendered":"<p>\u00dcber mich Ein neuer Wind aus alten Wurzeln. Diesen bringt uns Runa Donner mit ihrer Affinit\u00e4t \u00fcberlieferten Traditionen gegen\u00fcber. Ob Pflanzenwissen, Pilzkunde oder fast vergessene [&hellip;]<\/p>\n","protected":false},"author":1,"featured_media":0,"parent":0,"menu_order":0,"comment_status":"closed","ping_status":"closed","template":"","meta":{"footnotes":""},"class_list":["post-93","page","type-page","status-publish","hentry"],"yoast_head":"<!-- This site is optimized with the Yoast SEO plugin v24.9 - https:\/\/yoast.com\/wordpress\/plugins\/seo\/ -->\n<title>\u00dcber mich - Runa Donner<\/title>\n<meta name=\"description\" content=\"Ein neuer Wind aus alten Wurzeln. Diesen bringt uns Runa Donner mit ihrer Affinit\u00e4t \u00fcberlieferten Traditionen gegen\u00fcber. Ob Pflanzenwissen, Pilzkunde oder fast vergessene Rituale, Runa bringt uns diese in einem modernen Kontext in unser Heim. Kommen Sie mit auf eine spannende Reise zu altem Wissen und Traditionen mit Runa Donner.\" \/>\n<meta name=\"robots\" content=\"index, follow, max-snippet:-1, max-image-preview:large, max-video-preview:-1\" \/>\n<link rel=\"canonical\" href=\"https:\/\/runadonner.com\/?page_id=93\" \/>\n<meta property=\"og:locale\" content=\"de_DE\" \/>\n<meta property=\"og:type\" content=\"article\" \/>\n<meta property=\"og:title\" content=\"\u00dcber mich - Runa Donner\" \/>\n<meta property=\"og:description\" content=\"Ein neuer Wind aus alten Wurzeln. Diesen bringt uns Runa Donner mit ihrer Affinit\u00e4t \u00fcberlieferten Traditionen gegen\u00fcber. Ob Pflanzenwissen, Pilzkunde oder fast vergessene Rituale, Runa bringt uns diese in einem modernen Kontext in unser Heim. Kommen Sie mit auf eine spannende Reise zu altem Wissen und Traditionen mit Runa Donner.\" \/>\n<meta property=\"og:url\" content=\"https:\/\/runadonner.com\/?page_id=93\" \/>\n<meta property=\"og:site_name\" content=\"Runa Donner\" \/>\n<meta property=\"article:modified_time\" content=\"2021-09-05T13:27:54+00:00\" \/>\n<meta property=\"og:image\" content=\"https:\/\/runadonner.com\/wp-content\/uploads\/2021\/09\/cropped-water.jpg\" \/>\n<meta name=\"twitter:card\" content=\"summary_large_image\" \/>\n<meta name=\"twitter:label1\" content=\"Gesch\u00e4tzte Lesezeit\" \/>\n\t<meta name=\"twitter:data1\" content=\"1 Minute\" \/>\n<script type=\"application\/ld+json\" class=\"yoast-schema-graph\">{\"@context\":\"https:\/\/schema.org\",\"@graph\":[{\"@type\":\"WebPage\",\"@id\":\"https:\/\/runadonner.com\/?page_id=93\",\"url\":\"https:\/\/runadonner.com\/?page_id=93\",\"name\":\"\u00dcber mich - Runa Donner\",\"isPartOf\":{\"@id\":\"https:\/\/runadonner.com\/#website\"},\"primaryImageOfPage\":{\"@id\":\"https:\/\/runadonner.com\/?page_id=93#primaryimage\"},\"image\":{\"@id\":\"https:\/\/runadonner.com\/?page_id=93#primaryimage\"},\"thumbnailUrl\":\"https:\/\/runadonner.com\/wp-content\/uploads\/2021\/09\/cropped-water.jpg\",\"datePublished\":\"2021-08-27T15:51:01+00:00\",\"dateModified\":\"2021-09-05T13:27:54+00:00\",\"description\":\"Ein neuer Wind aus alten Wurzeln. Diesen bringt uns Runa Donner mit ihrer Affinit\u00e4t \u00fcberlieferten Traditionen gegen\u00fcber. Ob Pflanzenwissen, Pilzkunde oder fast vergessene Rituale, Runa bringt uns diese in einem modernen Kontext in unser Heim. Kommen Sie mit auf eine spannende Reise zu altem Wissen und Traditionen mit Runa Donner.\",\"breadcrumb\":{\"@id\":\"https:\/\/runadonner.com\/?page_id=93#breadcrumb\"},\"inLanguage\":\"de-AT\",\"potentialAction\":[{\"@type\":\"ReadAction\",\"target\":[\"https:\/\/runadonner.com\/?page_id=93\"]}]},{\"@type\":\"ImageObject\",\"inLanguage\":\"de-AT\",\"@id\":\"https:\/\/runadonner.com\/?page_id=93#primaryimage\",\"url\":\"https:\/\/runadonner.com\/wp-content\/uploads\/2021\/09\/cropped-water.jpg\",\"contentUrl\":\"https:\/\/runadonner.com\/wp-content\/uploads\/2021\/09\/cropped-water.jpg\"},{\"@type\":\"BreadcrumbList\",\"@id\":\"https:\/\/runadonner.com\/?page_id=93#breadcrumb\",\"itemListElement\":[{\"@type\":\"ListItem\",\"position\":1,\"name\":\"Home\",\"item\":\"https:\/\/runadonner.com\/\"},{\"@type\":\"ListItem\",\"position\":2,\"name\":\"\u00dcber mich\"}]},{\"@type\":\"WebSite\",\"@id\":\"https:\/\/runadonner.com\/#website\",\"url\":\"https:\/\/runadonner.com\/\",\"name\":\"Runa Donner\",\"description\":\"Germanische Traditionen, Zeremonien, Rituale\",\"publisher\":{\"@id\":\"https:\/\/runadonner.com\/#\/schema\/person\/69c40a00c54071f0feaa56d636e663b1\"},\"potentialAction\":[{\"@type\":\"SearchAction\",\"target\":{\"@type\":\"EntryPoint\",\"urlTemplate\":\"https:\/\/runadonner.com\/?s={search_term_string}\"},\"query-input\":{\"@type\":\"PropertyValueSpecification\",\"valueRequired\":true,\"valueName\":\"search_term_string\"}}],\"inLanguage\":\"de-AT\"},{\"@type\":[\"Person\",\"Organization\"],\"@id\":\"https:\/\/runadonner.com\/#\/schema\/person\/69c40a00c54071f0feaa56d636e663b1\",\"name\":\"admin\",\"image\":{\"@type\":\"ImageObject\",\"inLanguage\":\"de-AT\",\"@id\":\"https:\/\/runadonner.com\/#\/schema\/person\/image\/\",\"url\":\"https:\/\/secure.gravatar.com\/avatar\/169cd208c9ec291e701fbc80ba5ef8ccb8749fef69f3cedf056e902a6c0cec8a?s=96&d=mm&r=g\",\"contentUrl\":\"https:\/\/secure.gravatar.com\/avatar\/169cd208c9ec291e701fbc80ba5ef8ccb8749fef69f3cedf056e902a6c0cec8a?s=96&d=mm&r=g\",\"caption\":\"admin\"},\"logo\":{\"@id\":\"https:\/\/runadonner.com\/#\/schema\/person\/image\/\"},\"sameAs\":[\"https:\/\/h190771.web221.dogado.net\"]}]}<\/script>\n<!-- \/ Yoast SEO plugin. -->","yoast_head_json":{"title":"\u00dcber mich - Runa Donner","description":"Ein neuer Wind aus alten Wurzeln. Diesen bringt uns Runa Donner mit ihrer Affinit\u00e4t \u00fcberlieferten Traditionen gegen\u00fcber. Ob Pflanzenwissen, Pilzkunde oder fast vergessene Rituale, Runa bringt uns diese in einem modernen Kontext in unser Heim. Kommen Sie mit auf eine spannende Reise zu altem Wissen und Traditionen mit Runa Donner.","robots":{"index":"index","follow":"follow","max-snippet":"max-snippet:-1","max-image-preview":"max-image-preview:large","max-video-preview":"max-video-preview:-1"},"canonical":"https:\/\/runadonner.com\/?page_id=93","og_locale":"de_DE","og_type":"article","og_title":"\u00dcber mich - Runa Donner","og_description":"Ein neuer Wind aus alten Wurzeln. Diesen bringt uns Runa Donner mit ihrer Affinit\u00e4t \u00fcberlieferten Traditionen gegen\u00fcber. Ob Pflanzenwissen, Pilzkunde oder fast vergessene Rituale, Runa bringt uns diese in einem modernen Kontext in unser Heim. Kommen Sie mit auf eine spannende Reise zu altem Wissen und Traditionen mit Runa Donner.","og_url":"https:\/\/runadonner.com\/?page_id=93","og_site_name":"Runa Donner","article_modified_time":"2021-09-05T13:27:54+00:00","og_image":[{"url":"https:\/\/runadonner.com\/wp-content\/uploads\/2021\/09\/cropped-water.jpg","type":"","width":"","height":""}],"twitter_card":"summary_large_image","twitter_misc":{"Gesch\u00e4tzte Lesezeit":"1 Minute"},"schema":{"@context":"https:\/\/schema.org","@graph":[{"@type":"WebPage","@id":"https:\/\/runadonner.com\/?page_id=93","url":"https:\/\/runadonner.com\/?page_id=93","name":"\u00dcber mich - Runa Donner","isPartOf":{"@id":"https:\/\/runadonner.com\/#website"},"primaryImageOfPage":{"@id":"https:\/\/runadonner.com\/?page_id=93#primaryimage"},"image":{"@id":"https:\/\/runadonner.com\/?page_id=93#primaryimage"},"thumbnailUrl":"https:\/\/runadonner.com\/wp-content\/uploads\/2021\/09\/cropped-water.jpg","datePublished":"2021-08-27T15:51:01+00:00","dateModified":"2021-09-05T13:27:54+00:00","description":"Ein neuer Wind aus alten Wurzeln. Diesen bringt uns Runa Donner mit ihrer Affinit\u00e4t \u00fcberlieferten Traditionen gegen\u00fcber. Ob Pflanzenwissen, Pilzkunde oder fast vergessene Rituale, Runa bringt uns diese in einem modernen Kontext in unser Heim. Kommen Sie mit auf eine spannende Reise zu altem Wissen und Traditionen mit Runa Donner.","breadcrumb":{"@id":"https:\/\/runadonner.com\/?page_id=93#breadcrumb"},"inLanguage":"de-AT","potentialAction":[{"@type":"ReadAction","target":["https:\/\/runadonner.com\/?page_id=93"]}]},{"@type":"ImageObject","inLanguage":"de-AT","@id":"https:\/\/runadonner.com\/?page_id=93#primaryimage","url":"https:\/\/runadonner.com\/wp-content\/uploads\/2021\/09\/cropped-water.jpg","contentUrl":"https:\/\/runadonner.com\/wp-content\/uploads\/2021\/09\/cropped-water.jpg"},{"@type":"BreadcrumbList","@id":"https:\/\/runadonner.com\/?page_id=93#breadcrumb","itemListElement":[{"@type":"ListItem","position":1,"name":"Home","item":"https:\/\/runadonner.com\/"},{"@type":"ListItem","position":2,"name":"\u00dcber mich"}]},{"@type":"WebSite","@id":"https:\/\/runadonner.com\/#website","url":"https:\/\/runadonner.com\/","name":"Runa Donner","description":"Germanische Traditionen, Zeremonien, Rituale","publisher":{"@id":"https:\/\/runadonner.com\/#\/schema\/person\/69c40a00c54071f0feaa56d636e663b1"},"potentialAction":[{"@type":"SearchAction","target":{"@type":"EntryPoint","urlTemplate":"https:\/\/runadonner.com\/?s={search_term_string}"},"query-input":{"@type":"PropertyValueSpecification","valueRequired":true,"valueName":"search_term_string"}}],"inLanguage":"de-AT"},{"@type":["Person","Organization"],"@id":"https:\/\/runadonner.com\/#\/schema\/person\/69c40a00c54071f0feaa56d636e663b1","name":"admin","image":{"@type":"ImageObject","inLanguage":"de-AT","@id":"https:\/\/runadonner.com\/#\/schema\/person\/image\/","url":"https:\/\/secure.gravatar.com\/avatar\/169cd208c9ec291e701fbc80ba5ef8ccb8749fef69f3cedf056e902a6c0cec8a?s=96&d=mm&r=g","contentUrl":"https:\/\/secure.gravatar.com\/avatar\/169cd208c9ec291e701fbc80ba5ef8ccb8749fef69f3cedf056e902a6c0cec8a?s=96&d=mm&r=g","caption":"admin"},"logo":{"@id":"https:\/\/runadonner.com\/#\/schema\/person\/image\/"},"sameAs":["https:\/\/h190771.web221.dogado.net"]}]}},"_links":{"self":[{"href":"https:\/\/runadonner.com\/index.php?rest_route=\/wp\/v2\/pages\/93","targetHints":{"allow":["GET"]}}],"collection":[{"href":"https:\/\/runadonner.com\/index.php?rest_route=\/wp\/v2\/pages"}],"about":[{"href":"https:\/\/runadonner.com\/index.php?rest_route=\/wp\/v2\/types\/page"}],"author":[{"embeddable":true,"href":"https:\/\/runadonner.com\/index.php?rest_route=\/wp\/v2\/users\/1"}],"replies":[{"embeddable":true,"href":"https:\/\/runadonner.com\/index.php?rest_route=%2Fwp%2Fv2%2Fcomments&post=93"}],"version-history":[{"count":149,"href":"https:\/\/runadonner.com\/index.php?rest_route=\/wp\/v2\/pages\/93\/revisions"}],"predecessor-version":[{"id":2485,"href":"https:\/\/runadonner.com\/index.php?rest_route=\/wp\/v2\/pages\/93\/revisions\/2485"}],"wp:attachment":[{"href":"https:\/\/runadonner.com\/index.php?rest_route=%2Fwp%2Fv2%2Fmedia&parent=93"}],"curies":[{"name":"wp","href":"https:\/\/api.w.org\/{rel}","templated":true}]}}